-1)/(3/(18/2)) + 15. What is the highest common factor of 8 and s?
4
Let f(r) = r**2 - r. Let u be f(4). What is the greatest common factor of u and 36?
12
Let c be 4/2 + 4 - -4. Let x be (-1 - 0)*(8 + -13). What is the greatest common divisor of c and x?
5
Suppose 3*x + 10 = 5*m - 2*x, -2*x = -3*m + 4. Suppose -6 = -2*w, -5*i + 0*w - 4*w + 127 = m. Let b = 35 - i. Calculate the greatest common divisor of b and 36.
12
Let m be (2 - 12)*(-3)/2. Let u = m - 2. Let o = 221 - 117. What is the highest common factor of u and o?
13
Let u(j) = j**2 - 9*j - 11. Let z be u(10). Let m = z + 22. Calculate the greatest common divisor of 21 and m.
21
Suppose -22 = -4*p + 18. Let n = 13 + -3. Calculate the greatest common divisor of p and n.
10
Suppose 5*n + 20*n - 6975 = 0. What is the greatest common factor of 31 and n?
31
Let l = 6 + 5. Suppose 0*d = d - 136. Suppose -d = -2*j - 48. Calculate the greatest common divisor of j and l.
11
Suppose -7*l + 5*l = 0. Let i(g) = l + g + 1 + 4*g. Let t be i(4). Calculate the greatest common factor of t and 3.
3
Suppose j - 1 = 3. Suppose -j*z + 0*l + 113 = -5*l, 1 = -l. What is the highest common factor of 9 and z?
9
Let g be (-1)/1*(-5 - -5). Suppose g = -2*a - 0 + 14. Let q = 4 - -10. What is the highest common divisor of q and a?
7
Let v = 9 - 6. Let m be (74 - 0 - -3) + v. Calculate the highest common factor of 32 and m.
16
Suppose -2*x = -0*x + 5*b - 17, 3*b = -5*x - 5. Let a be (-6)/x*(-120)/(-9). Let c = 47 - a. Calculate the highest common factor of c and 18.
9
Suppose -j = -9*j + 144. What is the highest common divisor of j and 54?
18
Let v = -14 - -20. What is the highest common factor of 2 and v?
2
Suppose a = -2*a. Suppose a = 4*g + 56 + 4. Let d = -8 - g. Calculate the highest common divisor of 28 and d.
7
Let h = 0 - -6. Let n be 20/(-110) - 136/(-22). Calculate the highest common factor of h and n.
6
Let d = -1 - 4. Let w be 4/10 - 48/d. Let t = 90 + -50. What is the highest common factor of t and w?
10
Let u = -56 - -118. Suppose 0 = -4*f - 3*z - 48 - 37, 4*f = z - 89. Let d = u + f. What is the greatest common factor of 10 and d?
10
Suppose 3*f = -f + 5*o + 265, -4*o + 160 = 3*f. What is the highest common factor of 40 and f?
20
Suppose z - 56 = -5*q, -5*q + 3*q + 36 = -3*z. What is the greatest common divisor of 4 and q?
4
Suppose -6*r - 3*s + 20 = -r, 5*r - 55 = 4*s. Let v be 0 - (2 - (-1 - r)). Let u = -2 - v. What is the highest common factor of u and 8?
8
Let s = 5 - -40. Calculate the greatest common divisor of 5 and s.
5
Suppose -3*t + x = -x - 7, x = -t + 4. Calculate the greatest common factor of 15 and t.
3
Suppose -2*a = 2*c - 534, 184 = 3*c - 5*a - 593. What is the greatest common divisor of 24 and c?
24
Let u(c) = 2*c - 11. Let f = -15 + 21. Let z be u(f). Calculate the highest common factor of z and 9.
1
Suppose -892*u = -889*u - 36. Let c be (-1)/((-10)/8)*5. Suppose -n = -h + 38, 102 = 3*h - n + c*n. What is the highest common divisor of h and u?
12
Let o = 18 - 27. Let x = 74 + o. Calculate the highest common factor of 13 and x.
13
Suppose -2*q - 6 = -5*q. Suppose q*x + 192 = 6*x. Calculate the highest common factor of 6 and x.
6
Let b(h) = -3*h + 3. Let v be b(3). Let j = v - -16. Calculate the greatest common factor of j and 10.
10
Suppose 3*j = j - 22. Let v = -8 - j. What is the highest common divisor of 24 and v?
3
Let a(l) = 2*l**3 - l**2 - 2*l - 5. Let i be a(4). Let k = 141 - i. What is the greatest common divisor of 6 and k?
6
Suppose -c + 3*c - 40 = 0. Let g = -5 - -9. Suppose l + 25 = -u + 4*u, -4*u + 36 = -g*l. Calculate the highest common divisor of c and u.
4
Let k(a) = -a**2 - 8*a + 3. Let p be k(-8). Suppose -3 = -2*v + p. Suppose -9 + v = -m. What is the highest common factor of m and 2?
2
Let t(y) = -6*y + 29. Let j be t(0). What is the greatest common factor of 261 and j?
29
Let k be (2 + (3 - 5))/2. Let j be 0 - 5/(1 + -2). Let w = k + j. Calculate the greatest common factor of 10 and w.
5
Let i be 5/((27/12)/9). Calculate the greatest common divisor of i and 4.
4
Let g be 6/1*(-232)/(-24). Suppose -4*i = 3*y - g, y + 2*i = -3*i + 1. Calculate the highest common factor of y and 39.
13
Let p = 19 + -4. Let r = -39 + 99. What is the highest common factor of p and r?
15
Let u(i) = i**3 + 5*i**2 + 3*i - 1. Let k be u(-4). Suppose 4*g = -3*l + 75, -5*g - 5*l = 30 - 120. Calculate the greatest common divisor of g and k.
3
Let t = 6 + -4. Suppose 20 = l + 2*s, 0 = 5*l - t*s - 177 + 41. Suppose 4*i - 5*k - 32 = 0, k - 15 - 41 = -4*i. Calculate the highest common divisor of i and l.
13
Suppose -320 = -14*p + 9*p. Let h = -5 - 1. Let v(z) = -z + 2. Let q be v(h). Calculate the highest common factor of p and q.
8
Let f(y) = 11*y + 6. Let x be f(-4). Let n = 122 + x. What is the highest common factor of n and 12?
12
Suppose 124 - 29 = 5*q. Let w = 43 - q. Calculate the greatest common divisor of 36 and w.
12
Let g = -185 - -410. Suppose 0 = 5*k + t - 225, 0 = -2*k - 3*k - 3*t + g. Calculate the greatest common divisor of k and 15.
15
Let p(b) = 10*b**2 + 2*b + 5. Let v be p(-4). Let y = -85 + v. Let a be 11 + 1/(-4)*-6*-2. Calculate the highest common divisor of y and a.
8
Let g be (-2)/7 - (-684)/42. Calculate the greatest common factor of g and 160.
16
Let c be (-48)/(-9)*36/8. Let q(d) = 9*d**2 + 11*d - 2. Let p be q(-5). Calculate the greatest common factor of p and c.
24
Suppose 4*z + 0*i + 4*i - 40 = 0, 2*i - 47 = -5*z. Calculate the greatest common divisor of 1 and z.
1
Suppose -h + 216 = 7*h. Calculate the highest common factor of 36 and h.
9
Suppose 0 = 10*a - 409 - 171. What is the highest common factor of 145 and a?
29
Suppose 15*s - 8 = 11*s. Calculate the highest common divisor of s and 18.
2
Let z = 3 - 0. What is the greatest common divisor of 27 and z?
3
Let i = 12 + 6. What is the highest common factor of 27 and i?
9
Suppose 0*a + 268 = 3*j + 5*a, 4*j - 364 = -5*a. What is the highest common divisor of 6 and j?
6
Let p(x) = 9 + 11*x**2 + x**3 - 2*x**3 - 4 - 9*x. Let g be p(10). Calculate the highest common divisor of 165 and g.
15
Suppose 111 = -6*r + 603. Let c = r - 42. Suppose -6 + 16 = w. What is the highest common divisor of c and w?
10
Let o = -23 + 35. Calculate the greatest common factor of o and 12.
12
Let b be 12/(-42) + (-1)/((-7)/254). What is the greatest common divisor of b and 12?
12
Let y(b) be the first derivative of 9*b**4/4 - 2*b**3/3 - b**2 - 3. Let s be y(2). What is the highest common divisor of s and 24?
12
Let y be 2/(-5) + (-54)/15 + 25. Calculate the greatest common divisor of 28 and y.
7
Let o be (2 - -8*9) + 1. Let s be (-2)/((-8)/(-70))*(-20)/7. Calculate the highest common divisor of s and o.
25
Let d(k) = -5*k**2 - 6 - 4*k + 8*k**2 - k**2. Let p be d(8). Calculate the greatest common divisor of 18 and p.
18
Suppose n - 2*n - 1 = 0. Let p be n/(46/16 - 3). What is the greatest common divisor of p and 16?
8
Let k = -10 + 58. Suppose -p = -0 - 24. Calculate the greatest common factor of k and p.
24
Let p(u) = 44*u**3 + 2*u**2 - 1. Let r(t) = -t**2 + 6*t + 1. Let x be r(6). Let a be p(x). Calculate the greatest common factor of a and 18.
9
Let q be 3*3 + 0 + 0. Suppose 0 = -3*u - 0*u. Let x be 8 + u - (-4 + 6). What is the greatest common divisor of x and q?
3
Suppose -6*u - 42 = -222. Calculate the greatest common divisor of 5 and u.
5
Suppose 4*v = -v - 55. Let u = 55 - 17. Let z = u + v. What is the highest common factor of z and 108?
27
Let s(t) = -t**2 + 10*t - 25. Let p be s(10). Let n be (-4)/(-10) - 265/p. Calculate the greatest common factor of 121 and n.
11
Suppose -4*x + 40 = -0*x. Let o(u) = 72*u - 2. Let v be (-4)/(-3) + (-1)/3. Let y be o(v). Calculate the greatest common divisor of y and x.
10
Suppose 0 = -i + 1 + 3. Let z(f) = -f + 5. Let t be z(5). Suppose t = -5*d - 20, 4*n = -d + 5*d + 32. What is the greatest common factor of i and n?
4
Let b(r) = 75*r - 3. Let i be b(1). Calculate the greatest common factor of 24 and i.
24
Suppose -6*o - 3*x = -4*o - 3, 3*o - 4*x = 47. What is the greatest common factor of 6 and o?
3
Suppose 5 - 1 = -h, -5*j - h = -26. What is the greatest common divisor of 6 and j?
6
Let k be 1 + -9*(-3 - -4). Let s be (-236)/k + 3/6. What is the highest common factor of 20 and s?
10
Supp